y t(6).
12
Let s = -3137 + 3177. Let c = -139 + 335. Calculate the remainder when c is divided by s.
36
Let k = -603 - 22. Let l be (-8)/12 + k/(-15). Let y = l + -38. What is the remainder when 53 is divided by y?
2
Let u = -26 - -30. Suppose -3*c = -2*p + c - 2, -u = 4*p - 4*c. What is the remainder when 29 is divided by 6*((-11)/(-3) + p)?
13
Let f(v) = v**2 - 3*v - 5. Let h(s) = -s**3 - 26*s**2 - 27*s - 26. Let z be h(-25). Suppose 20*a - z*a = -20. Calculate the remainder when f(5) is divided by a.
0
Let c = 114 + -50. Let g = 607 + -224. Calculate the remainder when g is divided by c.
63
Let p = 199 - 237. What is the remainder when (p/10)/((-4)/40) is divided by 14?
10
Let k(u) = -u**3 - 5*u**2 + 64*u - 1. Let l(v) = -26*v + 41. Let w be l(2). What is the remainder when 229 is divided by k(w)?
19
What is the remainder when 325/50*2 + 3 + 10854 is divided by 24?
22
Calculate the remainder when (-4 + 6)*(-201156)/120*-5 is divided by 81.
77
Let x = 934 + -208. Calculate the remainder when x is divided by 152.
118
Let r = 391 + -227. Suppose -r = -3*g - 2*h, -2*g - 3*g + 5*h + 290 = 0. Calculate the remainder when 213 is divided by g.
45
Let g(n) = 5*n**2 + 32*n + 61. What is the remainder when 481 is divided by g(-8)?
106
Suppose 0 = -18*i + 3*i + 1335. Suppose 5*f - 330 = 9*w - 11*w, -5*w = f - i. Calculate the remainder when 127 is divided by f.
63
Suppose -177 = -17*t + 78. Let a(o) = 138*o - 1. Calculate the remainder when a(5) is divided by t.
14
Suppose g + 7 = 24. Suppose 20 = 12*f - 2*f. Suppose -42 = -f*r + 56. What is the remainder when r is divided by g?
15
Suppose -5*u + 155 = -5*d, -d = 39*u - 41*u + 56. Calculate the remainder when 32/1 + (-1)/1 is divided by u.
6
Let r(k) = k**3 - 22*k**2 - 79*k - 139. Calculate the remainder when r(26) is divided by 52.
43
Let m = -747 - -751. Suppose -19*x = -18*x - m*g - 43, x - 5*g - 41 = 0. What is the remainder when x is divided by (-35)/(-3) + 4/(-6)?
7
Let k(n) = -4*n**3 + 2*n**2 - 1. Let u be k(-1). Suppose 5*y - 22 = -u*v - 142, 0 = 3*y - 5*v + 40. What is the remainder when 59 is divided by (8/y)/((-1)/30)?
11
Let d be (3 - -1*1) + (-4232)/(-92). Suppose -b - g - 2*g = -5, -3*b + d = 2*g. Calculate the remainder when 539 is divided by b.
19
Let d(j) = 375*j + 43526. Let v(z) = -50*z + 1. Let o = 3 + -4. Calculate the remainder when v(o) is divided by d(-116).
25
Suppose -70*w + 6519 = -49481. What is the remainder when w is divided by 160?
0
Suppose 5*w - 48 = 4*r, 4*r + 14 = w + r. Let n(u) = 125*u + 2. Calculate the remainder when n(1) is divided by w.
7
Suppose -4*d - 120 = -3*h, 3*h + 30 = -d + 2*h. Let q be (-3)/(-1) - (d + 32). Let t(a) = 12*a**3 + 3*a - 4. Calculate the remainder when 24 is divided by t(q).
2
Let b(s) = -26*s - 8. Calculate the remainder when b(-2) is divided by (3/(-9))/(6/(-141 - 3)).
4
Let c(v) be the first derivative of v**3/3 - 5*v**2/2 - 41*v - 132. What is the remainder when 20 is divided by c(10)?
2
Let g(r) = -4*r**3 + 4*r + 10. Let l be g(-2). Suppose 2*v - 263 = -5*z, -4*z = 30*v - l*v - 188. Calculate the remainder when z is divided by 18.
15
Let f(n) = 4*n - 51. Let l be (69 - -1)*10/25. What is the remainder when f(l) is divided by 7?
5
Let x be 509 + (-40)/60 + 4/(-3). Let p = x + -498. What is the remainder when 38 is divided by p?
2
Let p(r) = 6*r**3 - 4*r**2 + r + 4. Let z(y) = 8*y**3 - 5*y**2 + y + 5. Let q(k) = -6*p(k) + 5*z(k). What is the remainder when 38 is divided by q(2)?
11
Let s = -604 + 781. Suppose -m + 63 = 3*d, -3*d - s = m - 4*m. What is the remainder when m is divided by 55?
5
Let t be 3/(-45) - (-1312)/(-120). Let p(h) = -14*h - 135. What is the remainder when 147 is divided by p(t)?
14
Suppose -2*q + q = -5*s + 30, 3*q - 4*s = 9. Let r = -1 + 2. What is the remainder when q is divided by r?
0
Suppose -5*s - 366 + 36 = -3*n, 4*s - 440 = -4*n. What is the remainder when 9239 is divided by n?
109
Suppose -2*k = 3*w + 12, -12*k = 5*w - 14*k + 20. Let y(i) = -i**2 - 4*i + 23. Calculate the remainder when 98 is divided by y(w).
6
Let q = -3433 + 3826. Calculate the remainder when q is divided by 12.
9
Suppose 0 = 9*p - 11 - 880. Let b = 10 - -5. Suppose -b = 5*k, -5*g + 4*k = -3*g - 80. Calculate the remainder when p is divided by g.
31
Let h(k) = -k**2 - 12*k - 17. Suppose -n - a + 26 = 11, -5*n - 3*a = -85. Let b = -30 + n. Calculate the remainder when h(b) is divided by 2.
1
Let z(s) = 1348*s - 52. Let b(h) = -673*h + 25. Let m(u) = 11*b(u) + 6*z(u). Calculate the remainder when m(1) is divided by 65.
63
Let n(r) = 58*r + 1563. Suppose -65 = -2*y + 59. What is the remainder when n(-25) is divided by y?
51
Let w = 172 - 158. Let i(s) = 6*s - 61. What is the remainder when i(w) is divided by 6?
5
Suppose 1938 = -20*n + 134*n. Calculate the remainder when 27 is divided by n.
10
Suppose 2*h + 21*s = 17*s + 940, 2*h - 4*s - 924 = 0. What is the remainder when h is divided by 91?
11
Let w(l) = 22*l + 23. Let k(n) = -176*n - 187. Let p(q) = -4*k(q) - 33*w(q). What is the remainder when 117 is divided by p(-2)?
18
Suppose 2*y - 3*k - 27 = 0, 6*y - 7*y + 5*k = -3. What is the remainder when 401 is divided by y?
5
Let f be 16*5/(-30)*(-807)/4. Suppose f = -z + 646. What is the remainder when z is divided by 7?
3
Let r = 835 + -637. Suppose -188*q + 199*q - r = 0. Calculate the remainder when 39 is divided by q.
3
Suppose -1972 = -163*n + 105*n. What is the remainder when 139 is divided by n?
3
Let v(m) = -m**3 - 2*m**2 + 4*m + 7. Let g be v(-6). Suppose -3*z + g + 44 = 0. What is the remainder when z is divided by (1072/1608)/(2/45)?
12
Suppose -167*f + 45243 - 10104 = 54*f. Calculate the remainder when f is divided by 13.
3
Let v(f) = -f**3 + 13*f**2 + 425*f + 8. What is the remainder when v(27) is divided by 1248?
29
Let o(g) = 4*g + 6. Let s be o(3). Suppose -36 = 15*i - s*i. Let c(u) = u + 8. What is the remainder when 59 is divided by c(i)?
19
Let d(a) = -3*a**2 - 24*a + 6. Suppose 0 = -2*o + 10, -3*t + 4*o = o + 69. Let s be d(t). What is the remainder when (-2)/(-9) + s/(-27) is divided by 12?
8
Let s(l) = l**2 + 3*l**3 + 2*l**3 - 3*l**3 + 2. Let t(p) = 24*p - 20. Calculate the remainder when s(2) is divided by t(1).
2
Let p = 9034 + -9012. What is the remainder when 3238 is divided by p?
4
Suppose 260*d - 3501 = 7159. Suppose 8 = k + 1. What is the remainder when d is divided by k?
6
Let m be ((-2)/5)/((-3)/(-285)). Suppose 71*t = 66*t + 155. Calculate the remainder when t is divided by (209/m)/(2/(-4)).
9
What is the remainder when (-2)/((-6)/15) + (110 - -2919) is divided by 22?
20
Let c be 6 + (3 - 10) + 7. Suppose -229 = -c*o - 79. What is the remainder when o is divided by (-94)/(-14) + (-2)/(-7)?
4
Suppose 104*o + 3*w - 20261 = 99*o, -3*o + 2*w = -12187. What is the remainder when o is divided by 58?
55
Let u = -20627 - -20722. Let d(s) = 12*s**3 + s - 1. Calculate the remainder when u is divided by d(1).
11
Suppose 2*z + 3*m = -25, 2*z + 5*m + 19 = -0. Calculate the remainder when 177 is divided by (z/136)/((-2)/16) + 59.
57
Calculate the remainder when (-12 - -12) + (1985 - 1) - 9 is divided by 980.
15
Suppose -62 = 5*y - 2*l, 3*y - 2*l + 38 = -0*y. Let k be (-1216)/y - 4/(-6). Suppose 2*g + g - k = 0. What is the remainder when g is divided by 4?
2
Let x be ((55/(-10))/11)/((-3)/30). Suppose -2*f + 63 = x*n, -n = 5*f - 76 - 24. Calculate the remainder when 71 is divided by f.
14
Suppose 0 = -5*r - 0 - 5. Let q be r*(-20)/(-6)*675/(-10). Let l = q + -156. Calculate the remainder when l is divided by 12.
9
Let o = 1236 - 397. Calculate the remainder when o is divided by 274.
17
Let r be (5 + -1)*(-190)/(-8). Suppose 0 = 3*m - r + 20. Let f(v) = -v**3 + 20*v**2 - 145*v + 1604. What is the remainder when m is divided by f(17)?
1
Suppose 2*c = -2*o + 64, -3*c = -c. Suppose -28 = -8*m + m. Suppose 0 = m*f + a - 236, -5*f = -2*f - 4*a - 196. What is the remainder when f is divided by o?
28
Suppose -228 - 1140 = -34*q + 842. Calculate the remainder when 374 is divided by q.
49
Let w(x) = -145*x - 4345. What is the remainder when 455 is divided by w(-30)?
0
Suppose -8*f + 25549 = -5291. Suppose 0 = -5*u + 20*u - f. Calculate the remainder when u is divided by 10.
7
Let c(t) = -3*t - 102. What is the remainder when 969 is